{"id":22,"date":"2024-08-02T16:10:51","date_gmt":"2024-08-02T16:10:51","guid":{"rendered":"https:\/\/www.magiebretagne.fr\/?page_id=22"},"modified":"2024-08-10T09:15:25","modified_gmt":"2024-08-10T09:15:25","slug":"about","status":"publish","type":"page","link":"https:\/\/www.magiebretagne.fr\/","title":{"rendered":"accueil"},"content":{"rendered":"\n\n\n\n<h2>Une video :<\/h2>\n\n\n\n\n\n\n\n<h2>A propos<\/h2>\n\n\n<h2>Sp\u00e9cialis\u00e9 dans deux domaines des arts magiques :<\/h2>\n\n\n<h2 style=\"font-family: Oxygen; color: rgb(222, 218, 218); padding: 0px; margin: 0px; overflow-wrap: break-word; font-size: var(--pagelayer-font-text-font-size) !important; font-weight: var(--pagelayer-font-text-font-weight) !important; line-height: var(--pagelayer-font-text-line-height) !important;\">Troisi\u00e8me prix championnat d&rsquo;Europe de mentalisme 2019 OEDM<\/h2>\n<h2 style=\"font-family: Oxygen; color: rgb(222, 218, 218); padding: 0px; margin: 0px; overflow-wrap: break-word; font-size: var(--pagelayer-font-text-font-size) !important; font-weight: var(--pagelayer-font-text-font-weight) !important; line-height: var(--pagelayer-font-text-line-height) !important;\">Troisi\u00e8me prix championnat de France 2009&nbsp;<\/h2>\n<p style=\"caret-color: rgb(0, 0, 0); color: rgb(0, 0, 0); font-family: Helvetica; font-size: 12px; text-size-adjust: auto;\"><span class=\"Apple-converted-space\"><\/span><\/p><h2 style=\"font-family: Oxygen; color: rgb(222, 218, 218); padding: 0px; margin: 0px; overflow-wrap: break-word; font-size: var(--pagelayer-font-text-font-size) !important; font-weight: var(--pagelayer-font-text-font-weight) !important; line-height: var(--pagelayer-font-text-line-height) !important;\">Deuxi\u00e8me prix championnat de France de mentalisme FFAP 2017<\/h2>\n\n<h2>Que ce soit pour un mariage, une inauguration ou tout autre \u00e9v\u00e9nement, avec Gildas vous aurez une prestation adapt\u00e9e \u00e0 votre demande.<br>Que ce soit en magie rapproch\u00e9e,\u00a0\u00bbclose-up\u00a0\u00bb, ou en mentalisme, vos invit\u00e9s resteront surpris et charm\u00e9s par ce magicien.<\/h2>\n\n\n\n\n\n<p>Lorem Ipsum has been the industry&rsquo;s standard dummy text ever since the 1500s.<\/p>\n\n<p [object NamedNodeMap]><span style=\"color: rgb(255, 194, 102); text-align: center;\">GILDAS BORGHETO<\/span><br><\/p>\n\n\n\n\n\n\n","protected":false},"excerpt":{"rendered":"","protected":false},"author":1,"featured_media":0,"parent":0,"menu_order":0,"comment_status":"closed","ping_status":"closed","template":"","meta":{"pagelayer_contact_templates":[],"_pagelayer_content":"","footnotes":""},"class_list":["post-22","page","type-page","status-publish","hentry"],"yoast_head":"<!-- This site is optimized with the Yoast SEO plugin v24.2 - https:\/\/yoast.com\/wordpress\/plugins\/seo\/ -->\n<title>accueil - Magie - Bretagne<\/title>\n<meta name=\"description\" content=\"Gildas, magicien illusionniste avec 30 ann\u00e9es d\u2019exp\u00e9rience, transforme chaque \u00e9v\u00e9nement en un moment magique et inoubliable.Sp\u00e9cialiste des mariages, des comit\u00e9s d\u2019entreprise et des soir\u00e9es priv\u00e9es,il captive son public avec des illusions surprenantes et une pr\u00e9sence charismatique.\" \/>\n<meta name=\"robots\" content=\"index, follow, max-snippet:-1, max-image-preview:large, max-video-preview:-1\" \/>\n<link rel=\"canonical\" href=\"https:\/\/www.magiebretagne.fr\/\" \/>\n<meta property=\"og:locale\" content=\"fr_FR\" \/>\n<meta property=\"og:type\" content=\"article\" \/>\n<meta property=\"og:title\" content=\"accueil - Magie - Bretagne\" \/>\n<meta property=\"og:description\" content=\"Gildas, magicien illusionniste avec 30 ann\u00e9es d\u2019exp\u00e9rience, transforme chaque \u00e9v\u00e9nement en un moment magique et inoubliable.Sp\u00e9cialiste des mariages, des comit\u00e9s d\u2019entreprise et des soir\u00e9es priv\u00e9es,il captive son public avec des illusions surprenantes et une pr\u00e9sence charismatique.\" \/>\n<meta property=\"og:url\" content=\"https:\/\/www.magiebretagne.fr\/\" \/>\n<meta property=\"og:site_name\" content=\"Magie - Bretagne\" \/>\n<meta property=\"article:modified_time\" content=\"2024-08-10T09:15:25+00:00\" \/>\n<meta property=\"og:image\" content=\"https:\/\/www.magiebretagne.fr\/wp-content\/uploads\/2024\/08\/PHOTO-2024-08-05-15-03-02.jpg\" \/>\n\t<meta property=\"og:image:width\" content=\"491\" \/>\n\t<meta property=\"og:image:height\" content=\"581\" \/>\n\t<meta property=\"og:image:type\" content=\"image\/jpeg\" \/>\n<meta name=\"twitter:card\" content=\"summary_large_image\" \/>\n<meta name=\"twitter:label1\" content=\"Dur\u00e9e de lecture estim\u00e9e\" \/>\n\t<meta name=\"twitter:data1\" content=\"1 minute\" \/>\n<script type=\"application\/ld+json\" class=\"yoast-schema-graph\">{\"@context\":\"https:\/\/schema.org\",\"@graph\":[{\"@type\":\"WebPage\",\"@id\":\"https:\/\/www.magiebretagne.fr\/\",\"url\":\"https:\/\/www.magiebretagne.fr\/\",\"name\":\"accueil - Magie - Bretagne\",\"isPartOf\":{\"@id\":\"https:\/\/www.magiebretagne.fr\/#website\"},\"datePublished\":\"2024-08-02T16:10:51+00:00\",\"dateModified\":\"2024-08-10T09:15:25+00:00\",\"description\":\"Gildas, magicien illusionniste avec 30 ann\u00e9es d\u2019exp\u00e9rience, transforme chaque \u00e9v\u00e9nement en un moment magique et inoubliable.Sp\u00e9cialiste des mariages, des comit\u00e9s d\u2019entreprise et des soir\u00e9es priv\u00e9es,il captive son public avec des illusions surprenantes et une pr\u00e9sence charismatique.\",\"breadcrumb\":{\"@id\":\"https:\/\/www.magiebretagne.fr\/#breadcrumb\"},\"inLanguage\":\"fr-FR\",\"potentialAction\":[{\"@type\":\"ReadAction\",\"target\":[\"https:\/\/www.magiebretagne.fr\/\"]}]},{\"@type\":\"BreadcrumbList\",\"@id\":\"https:\/\/www.magiebretagne.fr\/#breadcrumb\",\"itemListElement\":[{\"@type\":\"ListItem\",\"position\":1,\"name\":\"Accueil\",\"item\":\"https:\/\/www.magiebretagne.fr\/\"},{\"@type\":\"ListItem\",\"position\":2,\"name\":\"accueil\"}]},{\"@type\":\"WebSite\",\"@id\":\"https:\/\/www.magiebretagne.fr\/#website\",\"url\":\"https:\/\/www.magiebretagne.fr\/\",\"name\":\"Magie -Bretagne\",\"description\":\"Magie - Bretagne\",\"publisher\":{\"@id\":\"https:\/\/www.magiebretagne.fr\/#\/schema\/person\/59f34b0ed979c466ba9fddd8c7c8139b\"},\"alternateName\":\"Magie Bretagne Mentaliste\",\"potentialAction\":[{\"@type\":\"SearchAction\",\"target\":{\"@type\":\"EntryPoint\",\"urlTemplate\":\"https:\/\/www.magiebretagne.fr\/?s={search_term_string}\"},\"query-input\":{\"@type\":\"PropertyValueSpecification\",\"valueRequired\":true,\"valueName\":\"search_term_string\"}}],\"inLanguage\":\"fr-FR\"},{\"@type\":[\"Person\",\"Organization\"],\"@id\":\"https:\/\/www.magiebretagne.fr\/#\/schema\/person\/59f34b0ed979c466ba9fddd8c7c8139b\",\"name\":\"gildas borghetto\",\"image\":{\"@type\":\"ImageObject\",\"inLanguage\":\"fr-FR\",\"@id\":\"https:\/\/www.magiebretagne.fr\/#\/schema\/person\/image\/\",\"url\":\"https:\/\/www.magiebretagne.fr\/wp-content\/uploads\/2024\/08\/000-1.jpg\",\"contentUrl\":\"https:\/\/www.magiebretagne.fr\/wp-content\/uploads\/2024\/08\/000-1.jpg\",\"width\":491,\"height\":581,\"caption\":\"gildas borghetto\"},\"logo\":{\"@id\":\"https:\/\/www.magiebretagne.fr\/#\/schema\/person\/image\/\"},\"sameAs\":[\"https:\/\/www.magiebretagne.fr\/\"]}]}<\/script>\n<!-- \/ Yoast SEO plugin. -->","yoast_head_json":{"title":"accueil - Magie - Bretagne","description":"Gildas, magicien illusionniste avec 30 ann\u00e9es d\u2019exp\u00e9rience, transforme chaque \u00e9v\u00e9nement en un moment magique et inoubliable.Sp\u00e9cialiste des mariages, des comit\u00e9s d\u2019entreprise et des soir\u00e9es priv\u00e9es,il captive son public avec des illusions surprenantes et une pr\u00e9sence charismatique.","robots":{"index":"index","follow":"follow","max-snippet":"max-snippet:-1","max-image-preview":"max-image-preview:large","max-video-preview":"max-video-preview:-1"},"canonical":"https:\/\/www.magiebretagne.fr\/","og_locale":"fr_FR","og_type":"article","og_title":"accueil - Magie - Bretagne","og_description":"Gildas, magicien illusionniste avec 30 ann\u00e9es d\u2019exp\u00e9rience, transforme chaque \u00e9v\u00e9nement en un moment magique et inoubliable.Sp\u00e9cialiste des mariages, des comit\u00e9s d\u2019entreprise et des soir\u00e9es priv\u00e9es,il captive son public avec des illusions surprenantes et une pr\u00e9sence charismatique.","og_url":"https:\/\/www.magiebretagne.fr\/","og_site_name":"Magie - Bretagne","article_modified_time":"2024-08-10T09:15:25+00:00","og_image":[{"width":491,"height":581,"url":"https:\/\/www.magiebretagne.fr\/wp-content\/uploads\/2024\/08\/PHOTO-2024-08-05-15-03-02.jpg","type":"image\/jpeg"}],"twitter_card":"summary_large_image","twitter_misc":{"Dur\u00e9e de lecture estim\u00e9e":"1 minute"},"schema":{"@context":"https:\/\/schema.org","@graph":[{"@type":"WebPage","@id":"https:\/\/www.magiebretagne.fr\/","url":"https:\/\/www.magiebretagne.fr\/","name":"accueil - Magie - Bretagne","isPartOf":{"@id":"https:\/\/www.magiebretagne.fr\/#website"},"datePublished":"2024-08-02T16:10:51+00:00","dateModified":"2024-08-10T09:15:25+00:00","description":"Gildas, magicien illusionniste avec 30 ann\u00e9es d\u2019exp\u00e9rience, transforme chaque \u00e9v\u00e9nement en un moment magique et inoubliable.Sp\u00e9cialiste des mariages, des comit\u00e9s d\u2019entreprise et des soir\u00e9es priv\u00e9es,il captive son public avec des illusions surprenantes et une pr\u00e9sence charismatique.","breadcrumb":{"@id":"https:\/\/www.magiebretagne.fr\/#breadcrumb"},"inLanguage":"fr-FR","potentialAction":[{"@type":"ReadAction","target":["https:\/\/www.magiebretagne.fr\/"]}]},{"@type":"BreadcrumbList","@id":"https:\/\/www.magiebretagne.fr\/#breadcrumb","itemListElement":[{"@type":"ListItem","position":1,"name":"Accueil","item":"https:\/\/www.magiebretagne.fr\/"},{"@type":"ListItem","position":2,"name":"accueil"}]},{"@type":"WebSite","@id":"https:\/\/www.magiebretagne.fr\/#website","url":"https:\/\/www.magiebretagne.fr\/","name":"Magie -Bretagne","description":"Magie - Bretagne","publisher":{"@id":"https:\/\/www.magiebretagne.fr\/#\/schema\/person\/59f34b0ed979c466ba9fddd8c7c8139b"},"alternateName":"Magie Bretagne Mentaliste","potentialAction":[{"@type":"SearchAction","target":{"@type":"EntryPoint","urlTemplate":"https:\/\/www.magiebretagne.fr\/?s={search_term_string}"},"query-input":{"@type":"PropertyValueSpecification","valueRequired":true,"valueName":"search_term_string"}}],"inLanguage":"fr-FR"},{"@type":["Person","Organization"],"@id":"https:\/\/www.magiebretagne.fr\/#\/schema\/person\/59f34b0ed979c466ba9fddd8c7c8139b","name":"gildas borghetto","image":{"@type":"ImageObject","inLanguage":"fr-FR","@id":"https:\/\/www.magiebretagne.fr\/#\/schema\/person\/image\/","url":"https:\/\/www.magiebretagne.fr\/wp-content\/uploads\/2024\/08\/000-1.jpg","contentUrl":"https:\/\/www.magiebretagne.fr\/wp-content\/uploads\/2024\/08\/000-1.jpg","width":491,"height":581,"caption":"gildas borghetto"},"logo":{"@id":"https:\/\/www.magiebretagne.fr\/#\/schema\/person\/image\/"},"sameAs":["https:\/\/www.magiebretagne.fr\/"]}]}},"_links":{"self":[{"href":"https:\/\/www.magiebretagne.fr\/index.php?rest_route=\/wp\/v2\/pages\/22","targetHints":{"allow":["GET"]}}],"collection":[{"href":"https:\/\/www.magiebretagne.fr\/index.php?rest_route=\/wp\/v2\/pages"}],"about":[{"href":"https:\/\/www.magiebretagne.fr\/index.php?rest_route=\/wp\/v2\/types\/page"}],"author":[{"embeddable":true,"href":"https:\/\/www.magiebretagne.fr\/index.php?rest_route=\/wp\/v2\/users\/1"}],"replies":[{"embeddable":true,"href":"https:\/\/www.magiebretagne.fr\/index.php?rest_route=%2Fwp%2Fv2%2Fcomments&post=22"}],"version-history":[{"count":76,"href":"https:\/\/www.magiebretagne.fr\/index.php?rest_route=\/wp\/v2\/pages\/22\/revisions"}],"predecessor-version":[{"id":328,"href":"https:\/\/www.magiebretagne.fr\/index.php?rest_route=\/wp\/v2\/pages\/22\/revisions\/328"}],"wp:attachment":[{"href":"https:\/\/www.magiebretagne.fr\/index.php?rest_route=%2Fwp%2Fv2%2Fmedia&parent=22"}],"curies":[{"name":"wp","href":"https:\/\/api.w.org\/{rel}","templated":true}]}}